alse
Is 1274 a multiple of 14?
True
Is 33 a factor of 7065?
False
Does 28 divide 308?
True
Is 9 a factor of 13406?
False
Does 6 divide 3942?
True
Is 315 a multiple of 9?
True
Is 75 a factor of 75?
True
Is 2 a factor of 8740?
True
Does 100 divide 9656?
False
Does 11 divide 1628?
True
Is 4 a factor of 258?
False
Is 69 a factor of 1037?
False
Does 9 divide 1023?
False
Is 7 a factor of 133?
True
Is 16193 a multiple of 212?
False
Is 15 a factor of 582?
False
Does 29 divide 222?
False
Is 18106 a multiple of 11?
True
Is 36 a factor of 1530?
False
Is 28 a factor of 52976?
True
Is 41478 a multiple of 31?
True
Does 14 divide 10192?
True
Does 101 divide 4507?
False
Does 11 divide 11154?
True
Is 23508 a multiple of 36?
True
Is 11 a factor of 196?
False
Is 61 a factor of 20374?
True
Is 54 a factor of 31590?
True
Is 4 a factor of 486?
False
Does 18 divide 44296?
False
Is 40667 a multiple of 146?
False
Is 1630 a multiple of 70?
False
Does 13 divide 3224?
True
Is 54303 a multiple of 18?
False
Does 91 divide 51924?
False
Is 45045 a multiple of 13?
True
Is 101 a factor of 6464?
True
Is 66 a factor of 1848?
True
Is 47 a factor of 6392?
True
Is 16567 a multiple of 65?
False
Is 18 a factor of 486?
True
Is 32544 a multiple of 54?
False
Does 27 divide 3915?
True
Is 5618 a multiple of 11?
False
Does 31 divide 4836?
True
Is 14 a factor of 238?
True
Does 203 divide 45532?
False
Does 11 divide 23396?
False
Is 7 a factor of 861?
True
Is 48 a factor of 37392?
True
Does 159 divide 25440?
True
Is 15 a factor of 1245?
True
Does 60 divide 5325?
False
Does 12 divide 2328?
True
Is 39 a factor of 913?
False
Is 10931 a multiple of 13?
False
Is 2966 a multiple of 2?
True
Does 164 divide 12807?
False
Is 1239 a multiple of 10?
False
Does 339 divide 14238?
True
Is 28 a factor of 364?
True
Is 200 a multiple of 40?
True
Is 2 a factor of 7163?
False
Does 42 divide 3068?
False
Is 39 a factor of 1053?
True
Does 13 divide 2795?
True
Does 19 divide 21364?
False
Is 10 a factor of 205?
False
Is 4036 a multiple of 96?
False
Does 21 divide 1533?
True
Is 10 a factor of 315?
False
Is 17 a factor of 3604?
True
Is 17010 a multiple of 57?
False
Is 664 a multiple of 11?
False
Does 520 divide 46280?
True
Is 132 a multiple of 7?
False
Is 19 a factor of 4237?
True
Is 300 a multiple of 25?
True
Is 11 a factor of 2871?
True
Does 3 divide 471?
True
Is 150 a factor of 6630?
False
Is 6 a factor of 1903?
False
Does 70 divide 1194?
False
Is 2880 a multiple of 48?
True
Is 15 a factor of 1245?
True
Is 14 a factor of 4228?
True
Is 10346 a multiple of 6?
False
Is 18 a factor of 33516?
True
Is 17 a factor of 48816?
False
Is 3952 a multiple of 38?
True
Does 9 divide 909?
True
Is 6 a factor of 751?
False
Is 3 even?
False
Is 147 a multiple of 49?
True
Is 3 a factor of 4077?
True
Is 15 a factor of 669?
False
Is 71 a factor of 5680?
True
Is 51 a factor of 83589?
True
Does 3 divide 302?
False
Is 9 a factor of 32888?
False
Is 16 a factor of 519?
False
Does 81 divide 4284?
False
Is 853 a multiple of 3?
False
Does 4 divide 7197?
False
Does 3 divide 1752?
True
Is 3 a factor of 4156?
False
Is 1108 a multiple of 4?
True
Does 108 divide 12096?
True
Is 29327 a multiple of 112?
False
Is 131 a factor of 9039?
True
Is 4094 a multiple of 46?
True
Does 10 divide 150?
True
Is 7049 a multiple of 53?
True
Is 7 a factor of 7722?
False
Is 148192 a multiple of 22?
True
Does 59 divide 686?
False
Is 26491 a multiple of 301?
False
Does 8 divide 8781?
False
Does 25 divide 3125?
True
Is 47324 a multiple of 50?
False
Is 17 a factor of 2107?
False
Is 975 a multiple of 13?
True
Does 32 divide 384?
True
Is 6 a factor of 20661?
False
Is 29 a factor of 42081?
False
Is 42 a factor of 3381?
False
Does 5 divide 3848?
False
Does 27 divide 828?
False
Is 291 a multiple of 9?
False
Does 8 divide 16?
True
Does 50 divide 2550?
True
Does 43 divide 688?
True
Is 84 a factor of 17531?
False
Is 16 a factor of 413?
False
Is 36381 a multiple of 181?
True
Is 521 a multiple of 26?
False
Does 119 divide 37128?
True
Is 124 a multiple of 2?
True
Is 297 a multiple of 60?
False
Is 4 a factor of 64?
True
Does 45 divide 4171?
False
Is 14602 a multiple of 45?
False
Is 112 a multiple of 16?
True
Is 877 a multiple of 103?
False
Is 4549 a multiple of 5?
False
Does 6 divide 204?
True
Does 37 divide 7326?
True
Does 5 divide 325?
True
Is 406 a multiple of 58?
True
Is 1605 a multiple of 18?
False
Is 7 a factor of 940?
False
Is 28 a factor of 1365?
False
Is 12 a factor of 24?
True
Does 37 divide 2035?
True
Is 42 a factor of 8683?
False
Is 29 a factor of 10759?
True
Does 46 divide 6034?
False
Does 28 divide 1232?
True
Does 14 divide 5340?
False
Is 826 a multiple of 11?
False
Is 3 a factor of 388?
False
Is 33425 a multiple of 191?
True
Does 424 divide 103456?
True
Is 2793 a multiple of 21?
True
Is 5 a factor of 1179?
False
Does 29 divide 812?
True
Is 896 a multiple of 64?
True
Is 12 a factor of 228?
True
Does 14 divide 1344?
True
Is 16 a factor of 4959?
False
Is 246 a factor of 75522?
True
Is 32942 a multiple of 7?
True
Is 22 a factor of 6471?
False
Is 74 a factor of 2886?
True
Does 41 divide 20393?
False
Is 1894 a multiple of 17?
False
Is 8190 a multiple of 77?
False
Does 3 divide 16804?
False
Does 3 divide 3576?
True
Is 16009 a multiple of 136?
False
Is 9 a factor of 4068?
True
Is 710 a multiple of 10?
True
Is 61000 a multiple of 100?
True
Is 56146 a multiple of 14?
False
Does 22 divide 44?
True
Does 66 divide 11021?
False
Is 5 a factor of 802?
False
Is 1227 a multiple of 8?
False
Does 43 divide 2666?
True
Does 15 divide 645?
True
Is 16292 a multiple of 132?
False
Is 6422 a multiple of 10?
False
Is 608 a multiple of 6?
False
Is 2982 a multiple of 10?
False
Is 20140 a multiple of 28?
False
Does 10 divide 114?
False
Is 46 a factor of 10948?
True
Is 431 a multiple of 8?
False
Is 98 a factor of 85456?
True
Is 2111 a multiple of 60?
False
Is 14 a factor of 14?
True
Does 18 divide 8928?
True
Does 9 divide 2093?
False
Does 16 divide 92953?
False
Does 23 divide 13131?
False
Is 5 a factor of 39?
False
Does 75 divide 1650?
True
Is 279 a multiple of 9?
True
Is 59 a multiple of 9?
False
Is 65 a factor of 1255?
False
Is 37 a factor of 28860?
True
Is 13 a factor of 118?
False
Does 8 divide 3200?
True
Is 1272 even?
True
Does 26 divide 10166?
True
Is 60 a factor of 5293?
False
Does 14 divide 10472?
True
Is 10738 a multiple of 7?
True
Is 5 a factor of 419?
False
Is 46 a factor of 2416?
False
Is 1680 a multiple of 48?
True
Is 2 a factor of 31?
False
Is 58 a factor of 15196?
True
Is 26 a factor of 10192?
True
Is 56 a factor of 1147?
False
Is 23 a factor of 805?
True
Is 5 a factor of 24082?
False
Is 1994 a multiple of 11?
False
Does 79 divide 12877?
True
Is 1786 a multiple of 94?
True
Is 4 a factor of 15482?
False
Does 128 divide 706?
False
Is 2842 even?
True
Is 1703 a multiple of 34?
False
Is 132 a factor of 83556?
True
Does 38 divide 4096?
False
Does 10 divide 870?
True
Is 1779 a multiple of 309?
False
Is 23 a factor of 3841?
True
Does 89 divide 4183?
True
Is 2280 a multiple of 12?
True
Does 49 divide 10339?
True
Is 5 a factor of 776?
False
Is 68389 a multiple of 101?
False
Is 10575 a multiple of 42?
False
Is 2429 a multiple of 93?
False
Does 45 divide 15525?
True
Is 117 a multiple of 3?
True
Is 58 a factor of 1317?
False
Is 23544 a multiple of 27?
True
Is 1660 a multiple of 5?
True
Is 26 a factor of 11276?
False
Is 195 a factor of 11925?
False
Does 125 divide 1787?
False
Is 25 a factor of 89671?
False
Is 285 a multiple of 12?
False
Is 938 a multiple of 67?
True
Is 839 a multiple of 3?
False
Is 416 a multiple of 32?
True
Is 36978 a multiple of 144?
False
Does 36 divide 7661?
False
Does 78 divide 3394?
False
Is 3650 a multiple of 5?
True
Is 2 a factor of 3?
False
Is 865 a multiple of 5?
True
Is 100 a factor of 1823?
False
Is 41475 a multiple of 15?
True
Does 25 divide 29379?
False
Is 1648 a multiple of 27?
False
Is 6 a factor of 6558?
True
Is 910 a multiple of 35?
True
Does 71 divide 747?
False
Is 7 a factor of 278?
False
Does 28 divide 17556?
True
Does 49 divide 2149?
False
Does 10 divide 42264?
False
Is 1386 a multiple of 15?
False
Is 1750 a multiple of 70?
True
Is 23543 a multiple of 385?
False
Is 6035 a multiple of 16?
False
Is 12 a factor of 1164?
True
Is 223 a factor of 34565?
True
Does 21 d